divisor of 1679 and 73.
73
What is the highest common factor of 38 and 1159?
19
What is the greatest common divisor of 82 and 2?
2
Calculate the greatest common divisor of 11016 and 204.
204
Calculate the highest common factor of 20 and 21280.
20
What is the greatest common divisor of 45 and 15?
15
What is the greatest common factor of 1936 and 44?
44
What is the greatest common divisor of 660 and 105?
15
What is the highest common divisor of 3 and 10083?
3
Calculate the highest common divisor of 3632 and 176.
16
Calculate the highest common divisor of 429 and 99.
33
What is the highest common factor of 220 and 2255?
55
Calculate the greatest common divisor of 10 and 4.
2
Calculate the greatest common factor of 9 and 63.
9
What is the highest common divisor of 689 and 1219?
53
What is the highest common factor of 750 and 6?
6
What is the highest common divisor of 25 and 85?
5
What is the highest common divisor of 7902 and 18?
18
Calculate the greatest common divisor of 874 and 184.
46
Calculate the greatest common factor of 250 and 10.
10
Calculate the greatest common factor of 53 and 1749.
53
Calculate the highest common divisor of 960 and 70.
10
What is the highest common factor of 357 and 21?
21
Calculate the greatest common divisor of 600 and 136.
8
Calculate the highest common factor of 483 and 12880.
161
Calculate the highest common factor of 59 and 1888.
59
Calculate the greatest common divisor of 170 and 272.
34
What is the highest common factor of 1015 and 87?
29
Calculate the highest common divisor of 416 and 52.
52
What is the highest common factor of 207 and 981?
9
What is the greatest common divisor of 90 and 90?
90
Calculate the highest common divisor of 8288 and 185.
37
Calculate the highest common factor of 1225 and 25.
25
What is the greatest common divisor of 330 and 3850?
110
What is the greatest common divisor of 8646 and 462?
66
Calculate the greatest common factor of 45 and 765.
45
Calculate the greatest common divisor of 121823 and 13.
13
Calculate the highest common divisor of 193 and 19879.
193
What is the highest common divisor of 75 and 30?
15
Calculate the greatest common factor of 398 and 6.
2
What is the highest common factor of 253 and 2673?
11
Calculate the greatest common divisor of 6493 and 151.
151
What is the highest common divisor of 36 and 4338?
18
What is the highest common factor of 1760 and 473?
11
Calculate the greatest common factor of 1953 and 504.
63
Calculate the highest common factor of 13 and 1443.
13
What is the highest common divisor of 2166 and 114?
114
What is the greatest common factor of 1008 and 24?
24
What is the greatest common divisor of 29463 and 207?
69
Calculate the highest common divisor of 20 and 760.
20
What is the highest common divisor of 1147 and 74?
37
Calculate the greatest common factor of 68 and 374.
34
Calculate the greatest common factor of 46 and 1426.
46
What is the highest common divisor of 5109 and 78?
39
Calculate the highest common factor of 715 and 195.
65
What is the highest common divisor of 396 and 24?
12
Calculate the greatest common divisor of 258 and 2021.
43
Calculate the highest common factor of 25 and 2525.
25
What is the highest common factor of 18873 and 27?
27
Calculate the greatest common divisor of 35 and 420.
35
Calculate the highest common divisor of 138 and 1587.
69
What is the greatest common divisor of 14 and 123886?
14
Calculate the greatest common factor of 76 and 874.
38
What is the greatest common divisor of 187 and 34?
17
Calculate the greatest common factor of 915 and 15.
15
Calculate the highest common divisor of 2288 and 429.
143
Calculate the highest common factor of 244 and 196.
4
What is the highest common divisor of 4354 and 14?
14
Calculate the greatest common divisor of 1245 and 35.
5
Calculate the highest common divisor of 735 and 11445.
105
What is the highest common factor of 80 and 120?
40
Calculate the greatest common factor of 154 and 1408.
22
What is the greatest common divisor of 270 and 189?
27
What is the highest common divisor of 26 and 2782?
26
Calculate the highest common factor of 18 and 1251.
9
What is the greatest common factor of 81 and 1188?
27
Calculate the greatest common divisor of 13 and 1079.
13
Calculate the highest common factor of 270 and 108.
54
What is the greatest common divisor of 35 and 835?
5
Calculate the greatest common divisor of 28834 and 26.
26
What is the greatest common divisor of 14497 and 665?
133
Calculate the greatest common factor of 34 and 85.
17
What is the greatest common divisor of 120 and 6400?
40
What is the greatest common divisor of 12 and 1275?
3
Calculate the highest common divisor of 189 and 210.
21
Calculate the highest common factor of 115 and 10.
5
Calculate the greatest common factor of 34 and 60418.
34
Calculate the highest common factor of 48 and 3008.
16
What is the greatest common factor of 1925 and 11935?
385
What is the greatest common factor of 4687 and 215?
43
What is the greatest common factor of 42 and 3080?
14
Calculate the highest common factor of 14 and 77.
7
Calculate the greatest common divisor of 730 and 1314.
146
What is the highest common factor of 8463 and 372?
93
What is the greatest common factor of 48 and 20064?
48
Calculate the greatest common factor of 741 and 3249.
57
What is the greatest common divisor of 7 and 10157?
7
What is the greatest common factor of 17 and 1649?
17
What is the highest common divisor of 1634 and 114?
38
Calculate the highest common divisor of 104 and 2236.
52
What is the highest common divisor of 220 and 1240?
20
What is the greatest common divisor of 82 and 574?
82
What is the highest common factor of 3333 and 99?
33
Calculate the highest common factor of 144 and 21096.
72
What is the highest common divisor of 26 and 61516?
26
What is the highest common factor of 39 and 123?
3
What is the highest common factor of 7 and 10157?
7
What is the highest common factor of 88 and 2688?
8
What is the greatest common factor of 60 and 90?
30
What is the highest common factor of 5 and 25?
5
What is the highest common divisor of 2328 and 873?
291
What is the highest common divisor of 244 and 1098?
122
Calculate the greatest common divisor of 95 and 1007.
19
What is the highest common divisor of 216 and 16?
8
What is the highest common factor of 16 and 976?
16
What is the highest common divisor of 1 and 53?
1
What is the greatest common factor of 851 and 23?
23
What is the greatest common factor of 21550 and 50?
50
Calculate the highest common divisor of 6105 and 110.
55
What is the greatest common factor of 75 and 325?
25
Calculate the highest common factor of 14 and 1498.
14
What is the greatest common divisor of 13 and 11?
1
Calculate the greatest common divisor of 34907 and 67.
67
Calculate the greatest common factor of 18 and 6309.
9
Calculate the greatest common divisor of 810 and 10.
10
Calculate the highest common divisor of 6 and 7454.
2
Calculate the greatest common divisor of 8 and 2452.
4
What is the highest common factor of 4352 and 17?
17
Calculate the highest common factor of 1364 and 297.
11
Calculate the highest common factor of 4041 and 9.
9
What is the highest common divisor of 174 and 290?
58
Calculate the highest common divisor of 10946 and 39.
13
Calculate the greatest common factor of 602 and 14.
14
Calculate the greatest common divisor of 70 and 10850.
70
Calculate the highest common factor of 53 and 15317.
53
What is the highest common factor of 318 and 1614?
6
What is the greatest common divisor of 295 and 80?
5
Calculate the greatest common factor of 1000 and 125.
125
What is the highest common factor of 332 and 10126?
166
Calculate the greatest common divisor of 726 and 6.
6
Calculate the highest common divisor of 119 and 14.
7
Calculate the greatest common factor of 220 and 80.
20
What is the highest common factor of 10 and 24?
2
Calculate the highest common divisor of 1261 and 194.
97
Calculate the highest common factor of 1664 and 1872.
208
What is the greatest common divisor of 3 and 665?
1
What is the greatest common factor of 4929 and 93?
93
What is the greatest common factor of 80 and 1960?
40
Calculate the greatest common factor of 90 and 30.
30
Calculate the greatest common divisor of 4170 and 15.
